{"id":3917,"date":"2017-03-20T12:48:14","date_gmt":"2017-03-20T11:48:14","guid":{"rendered":"https:\/\/stjoseph-lamadeleine-guerande.fr\/?page_id=3917"},"modified":"2025-08-01T14:36:28","modified_gmt":"2025-08-01T13:36:28","slug":"vide-grenier","status":"publish","type":"page","link":"https:\/\/stjoseph-lamadeleine-guerande.fr\/?page_id=3917","title":{"rendered":"Vide Grenier"},"content":{"rendered":"\t\t<div data-elementor-type=\"wp-page\" data-elementor-id=\"3917\" class=\"elementor elementor-3917\">\n\t\t\t\t\t\t<section class=\"elementor-section elementor-top-section elementor-element elementor-element-17199db0 elementor-section-boxed elementor-section-height-default elementor-section-height-default wpr-particle-no wpr-jarallax-no wpr-parallax-no wpr-sticky-section-no wpr-equal-height-no\" data-id=\"17199db0\" data-element_type=\"section\">\n\t\t\t\t\t\t<div class=\"elementor-container elementor-column-gap-default\">\n\t\t\t\t\t<div class=\"elementor-column elementor-col-100 elementor-top-column elementor-element elementor-element-6161cb08\" data-id=\"6161cb08\" data-element_type=\"column\">\n\t\t\t<div class=\"elementor-widget-wrap elementor-element-populated\">\n\t\t\t\t\t\t<div class=\"elementor-element elementor-element-5012a162 elementor-widget__width-initial elementor-widget elementor-widget-text-editor\" data-id=\"5012a162\" data-element_type=\"widget\" data-widget_type=\"text-editor.default\">\n\t\t\t\t<div class=\"elementor-widget-container\">\n\t\t\t\t\t\t\t\t\t<p><img fetchpriority=\"high\" decoding=\"async\" class=\"alignnone wp-image-30722 size-large\" src=\"http:\/\/stjoseph-lamadeleine-guerande.fr\/wp-content\/uploads\/2025\/04\/Affiche-vide-grenier-2025-724x1024.jpg\" alt=\"\" width=\"724\" height=\"1024\" srcset=\"https:\/\/stjoseph-lamadeleine-guerande.fr\/wp-content\/uploads\/2025\/04\/Affiche-vide-grenier-2025-724x1024.jpg 724w, https:\/\/stjoseph-lamadeleine-guerande.fr\/wp-content\/uploads\/2025\/04\/Affiche-vide-grenier-2025-212x300.jpg 212w, https:\/\/stjoseph-lamadeleine-guerande.fr\/wp-content\/uploads\/2025\/04\/Affiche-vide-grenier-2025-768x1087.jpg 768w, https:\/\/stjoseph-lamadeleine-guerande.fr\/wp-content\/uploads\/2025\/04\/Affiche-vide-grenier-2025-1085x1536.jpg 1085w, https:\/\/stjoseph-lamadeleine-guerande.fr\/wp-content\/uploads\/2025\/04\/Affiche-vide-grenier-2025-1024x1449.jpg 1024w, https:\/\/stjoseph-lamadeleine-guerande.fr\/wp-content\/uploads\/2025\/04\/Affiche-vide-grenier-2025-763x1080.jpg 763w, https:\/\/stjoseph-lamadeleine-guerande.fr\/wp-content\/uploads\/2025\/04\/Affiche-vide-grenier-2025.jpg 1190w\" sizes=\"(max-width: 724px) 100vw, 724px\" \/>L&rsquo;\u00e9cole organise chaque ann\u00e9e un vide grenier.<\/p><p><strong>Cette ann\u00e9e, il n&rsquo;aura pas lieu \u00e0 la Pentec\u00f4te, mais le 21\u00a0 septembre 2025.<br \/><\/strong>Les b\u00e9n\u00e9fices, permettront de financer les sorties scolaires et le mat\u00e9riel p\u00e9dagogique<strong>.<br \/><\/strong><\/p><p><strong>Ci-dessous les documents pour s&rsquo;y inscrire:<br \/><a href=\"http:\/\/stjoseph-lamadeleine-guerande.fr\/wp-content\/uploads\/2025\/04\/Bulletin-participation-VIDE-GRENIER-2025.docx\">Bulletin participation vide grenier 2025<br \/><\/a><a href=\"http:\/\/stjoseph-lamadeleine-guerande.fr\/wp-content\/uploads\/2025\/08\/REGLEMENT-2025.pdf\">R\u00e8glement vide grenier 2025<\/a><br \/><\/strong><\/p><p>Si vous souhaitez y participer, vous pouvez\u00a0 faire passer les documents par vos enfants s&rsquo;ils sont \u00e0 l&rsquo;\u00e9cole, les d\u00e9poser\u00a0 dans notre bo\u00eetes aux lettre ou nous les retourner \u00e0 :<br \/>APEL de l\u2019\u00e9cole St Joseph &#8211; VIDE GRENIER<br \/>7, rue des Dolmens<br \/>44350 GUERANDE<\/p>\t\t\t\t\t\t\t\t<\/div>\n\t\t\t\t<\/div>\n\t\t\t\t\t<\/div>\n\t\t<\/div>\n\t\t\t\t\t<\/div>\n\t\t<\/section>\n\t\t\t\t<section class=\"elementor-section elementor-top-section elementor-element elementor-element-823b2f3 elementor-section-boxed elementor-section-height-default elementor-section-height-default wpr-particle-no wpr-jarallax-no wpr-parallax-no wpr-sticky-section-no wpr-equal-height-no\" data-id=\"823b2f3\" data-element_type=\"section\">\n\t\t\t\t\t\t<div class=\"elementor-container elementor-column-gap-default\">\n\t\t\t\t\t<div class=\"elementor-column elementor-col-100 elementor-top-column elementor-element elementor-element-f0ee7a0\" data-id=\"f0ee7a0\" data-element_type=\"column\">\n\t\t\t<div class=\"elementor-widget-wrap elementor-element-populated\">\n\t\t\t\t\t\t<section class=\"elementor-section elementor-inner-section elementor-element elementor-element-dec84f7 elementor-section-boxed elementor-section-height-default elementor-section-height-default wpr-particle-no wpr-jarallax-no wpr-parallax-no wpr-sticky-section-no wpr-equal-height-no\" data-id=\"dec84f7\" data-element_type=\"section\">\n\t\t\t\t\t\t<div class=\"elementor-container elementor-column-gap-default\">\n\t\t\t\t\t<div class=\"elementor-column elementor-col-50 elementor-inner-column elementor-element elementor-element-d12d4e1\" data-id=\"d12d4e1\" data-element_type=\"column\">\n\t\t\t<div class=\"elementor-widget-wrap\">\n\t\t\t\t\t\t\t<\/div>\n\t\t<\/div>\n\t\t\t\t<div class=\"elementor-column elementor-col-50 elementor-inner-column elementor-element elementor-element-a5cb76f\" data-id=\"a5cb76f\" data-element_type=\"column\">\n\t\t\t<div class=\"elementor-widget-wrap\">\n\t\t\t\t\t\t\t<\/div>\n\t\t<\/div>\n\t\t\t\t\t<\/div>\n\t\t<\/section>\n\t\t\t\t\t<\/div>\n\t\t<\/div>\n\t\t\t\t\t<\/div>\n\t\t<\/section>\n\t\t\t\t<section class=\"elementor-section elementor-top-section elementor-element elementor-element-5c744fd elementor-section-boxed elementor-section-height-default elementor-section-height-default wpr-particle-no wpr-jarallax-no wpr-parallax-no wpr-sticky-section-no wpr-equal-height-no\" data-id=\"5c744fd\" data-element_type=\"section\">\n\t\t\t\t\t\t<div class=\"elementor-container elementor-column-gap-default\">\n\t\t\t\t\t<div class=\"elementor-column elementor-col-100 elementor-top-column elementor-element elementor-element-4687fd0\" data-id=\"4687fd0\" data-element_type=\"column\">\n\t\t\t<div class=\"elementor-widget-wrap elementor-element-populated\">\n\t\t\t\t\t\t<div class=\"elementor-element elementor-element-3616494 elementor-widget elementor-widget-heading\" data-id=\"3616494\" data-element_type=\"widget\" data-widget_type=\"heading.default\">\n\t\t\t\t<div class=\"elementor-widget-container\">\n\t\t\t\t\t<h2 class=\"elementor-heading-title elementor-size-default\">Vide grenier 2025<\/h2>\t\t\t\t<\/div>\n\t\t\t\t<\/div>\n\t\t\t\t\t<\/div>\n\t\t<\/div>\n\t\t\t\t\t<\/div>\n\t\t<\/section>\n\t\t\t\t<\/div>\n\t\t","protected":false},"excerpt":{"rendered":"<p>L&rsquo;\u00e9cole organise chaque ann\u00e9e un vide grenier. Cette ann\u00e9e, il n&rsquo;aura pas lieu \u00e0 la Pentec\u00f4te, mais le 21\u00a0 septembre 2025.Les b\u00e9n\u00e9fices, permettront de financer les sorties scolaires et le mat\u00e9riel p\u00e9dagogique. Ci-dessous les documents pour s&rsquo;y inscrire:Bulletin participation vide grenier 2025R\u00e8glement vide grenier 2025 Si vous souhaitez y participer, vous pouvez\u00a0 faire passer les documents par vos enfants s&rsquo;ils sont \u00e0 l&rsquo;\u00e9cole, les d\u00e9poser\u00a0 dans notre bo\u00eetes aux lettre ou nous les retourner \u00e0 :APEL de l\u2019\u00e9cole St Joseph &#8211; VIDE GRENIER7, rue des Dolmens44350 GUERANDE Vide grenier 2025<\/p>\n","protected":false},"author":10,"featured_media":0,"parent":0,"menu_order":0,"comment_status":"closed","ping_status":"closed","template":"","meta":{"ngg_post_thumbnail":0,"footnotes":""},"_links":{"self":[{"href":"https:\/\/stjoseph-lamadeleine-guerande.fr\/index.php?rest_route=\/wp\/v2\/pages\/3917"}],"collection":[{"href":"https:\/\/stjoseph-lamadeleine-guerande.fr\/index.php?rest_route=\/wp\/v2\/pages"}],"about":[{"href":"https:\/\/stjoseph-lamadeleine-guerande.fr\/index.php?rest_route=\/wp\/v2\/types\/page"}],"author":[{"embeddable":true,"href":"https:\/\/stjoseph-lamadeleine-guerande.fr\/index.php?rest_route=\/wp\/v2\/users\/10"}],"replies":[{"embeddable":true,"href":"https:\/\/stjoseph-lamadeleine-guerande.fr\/index.php?rest_route=%2Fwp%2Fv2%2Fcomments&post=3917"}],"version-history":[{"count":48,"href":"https:\/\/stjoseph-lamadeleine-guerande.fr\/index.php?rest_route=\/wp\/v2\/pages\/3917\/revisions"}],"predecessor-version":[{"id":31631,"href":"https:\/\/stjoseph-lamadeleine-guerande.fr\/index.php?rest_route=\/wp\/v2\/pages\/3917\/revisions\/31631"}],"wp:attachment":[{"href":"https:\/\/stjoseph-lamadeleine-guerande.fr\/index.php?rest_route=%2Fwp%2Fv2%2Fmedia&parent=3917"}],"curies":[{"name":"wp","href":"https:\/\/api.w.org\/{rel}","templated":true}]}}